 c(-10). Calculate the highest common divisor of h and 4.
4
Suppose 4*q - 12 = 4*l, 7*q + 2*l - 12 = 3*q. Suppose 0*z + 4*j = q*z - 83, -26 = -z + 3*j. Calculate the highest common factor of 203 and z.
29
Suppose 36 = 4*v - v. What is the highest common divisor of v and 48?
12
Suppose 3*x + 2 = -1, 5*w - 4*x - 94 = 0. Calculate the highest common factor of 2 and w.
2
Let o = 134 - 68. Suppose -5*r - 10 = -40. What is the greatest common divisor of r and o?
6
Suppose -70 = -10*y + 5*y. Let u = -84 + 126. Calculate the greatest common factor of y and u.
14
Let o be ((-30)/18)/((-3)/54). Let x be ((-31)/2)/(1/2). Let m = 51 + x. What is the greatest common factor of o and m?
10
Let w = 82 + -30. Let x be (-4)/(-10) + 189/15. Calculate the highest common divisor of w and x.
13
Suppose 3*w - 9 = 18. Suppose -w*u + 24 = -6*u. Calculate the greatest common divisor of 8 and u.
8
Let x = 138 - -78. What is the highest common factor of 27 and x?
27
Let p = 83 + -54. Suppose -t + z + 5 = 2*z, z - p = -5*t. Suppose -2*a - a = -t. Calculate the highest common divisor of 2 and a.
2
Suppose -2*p + 0*p - i = -10, 5*p = 4*i + 25. Suppose 200 = p*m + 35. What is the highest common divisor of 3 and m?
3
Let s(r) = 6*r**2 - 2*r - 3. Let l be s(-2). Let y be (-9)/(-12) + (-25)/(-4). Suppose 2*h - 3 - y = 0. What is the greatest common factor of l and h?
5
Let t be 2/(0 - 2) + 82. Let r be (-1)/(-3 + 4) + 20/2. What is the greatest common divisor of r and t?
9
Let b = -7 - -10. Calculate the highest common factor of b and 27.
3
Let f = -427 - -921. Suppose -4*q + 6*q - 700 = 0. Let j = f - q. Calculate the highest common divisor of j and 18.
18
Suppose z = -3*t + 26, 5*t - 66 = -3*z + 2*t. What is the highest common divisor of 220 and z?
20
Suppose 0*l + 11 = 3*l + 4*n, 3*n = 15. Let h be 6/l + 1 + 9. What is the highest common divisor of h and 48?
8
Let c(p) be the third derivative of -17*p**4/24 + 2*p**3/3 + 2*p**2. Let f be c(-3). Suppose 3*h + 44 = 7*h. What is the highest common factor of h and f?
11
Let v(j) = -4*j + 3. Let m be v(11). Let i = 80 + m. Calculate the greatest common divisor of 26 and i.
13
Let r(m) be the third derivative of -m**6/120 + m**5/12 - m**4/8 + m**3/3 + m**2. Let v be r(4). Calculate the greatest common factor of 6 and v.
6
Let c = -54 - -94. Calculate the greatest common divisor of c and 16.
8
Let c be (-39)/(-2) + (-3)/6. Let f = -16 + 54. What is the greatest common divisor of f and c?
19
Suppose -2*m + 3*t + 7 + 16 = 0, m - 5*t = 29. Suppose -5*h + 10 = -90. Calculate the greatest common factor of h and m.
4
Suppose 15 = -5*k - 15. Let h(w) = -3*w - 5. Let b be h(k). Calculate the highest common factor of 13 and b.
13
Let t be (0 - 1)*1 + 17. What is the highest common factor of 80 and t?
16
Let t = -179 - -182. What is the greatest common factor of 51 and t?
3
Let i be 3*(-2)/(-6)*4. Let v = 45 + -9. Calculate the greatest common factor of v and i.
4
Suppose 0 = 3*r - r - 20. Calculate the highest common divisor of 100 and r.
10
Let c = 16 + -22. Let m = 17 + c. Calculate the greatest common divisor of m and 77.
11
Suppose 400 = 9*k - 86. Calculate the highest common divisor of k and 81.
27
Suppose 0 = 5*i - 0*i + 30. Let v be (-12)/8*4/i. What is the highest common divisor of 4 and v?
1
Let p = 77 + -46. What is the greatest common factor of 93 and p?
31
Let i be (-10)/(-4)*(-4)/(-5). Suppose y = -5*h + 10, -3*h + 2 + 4 = 3*y. Let m(t) = -t**2 + 6. Let z be m(y). Calculate the greatest common factor of z and i.
2
Let x be 9/(-24) + (-1015)/(-40). Let v be (-42)/(-8) + (-2)/8. What is the greatest common divisor of x and v?
5
Let d(q) = 2*q - 4 + 4*q - 7*q. Let g be d(-7). What is the highest common factor of 24 and g?
3
Let v(y) = -y**2 - 7*y + 10. Suppose -23 - 5 = 4*f. Let i be v(f). What is the greatest common divisor of 50 and i?
10
Let w be (3/2)/(1/22). Let d = -22 + 33. What is the greatest common divisor of w and d?
11
Let z(i) = 2*i**2 - i - 1. Let b be z(2). Suppose -3*d - 2 = -b, 4*w - 2*d = 178. Let n be 8/(-12)*(-30)/4. Calculate the highest common divisor of w and n.
5
Let f = -20 - -44. What is the greatest common factor of f and 36?
12
Let n be -30*1/(20/(-4))*42. What is the greatest common divisor of n and 14?
14
Let k(c) = -c**3 - 13*c**2 - 12*c + 29. Let p be k(-12). Calculate the highest common factor of 29 and p.
29
Let f = -39 + 47. What is the highest common factor of f and 16?
8
Suppose -3*o = -6*o + 27. Suppose a - o = -0*a. What is the greatest common factor of 9 and a?
9
Suppose -5*a = -119 - 181. Calculate the highest common divisor of 30 and a.
30
Let f(u) = -u**3 - 14*u**2 - 27*u - 18. Let l be f(-12). What is the highest common divisor of l and 2?
2
Let y be 1*3/3*-2. Let r(d) = 6*d**2 - 2*d - 3. Let v be r(y). What is the greatest common factor of v and 5?
5
Suppose -18*r = -23*r + 60. Let g = 61 + -31. What is the greatest common factor of g and r?
6
Let q be -3 + (-21)/(-6) + 116/8. Calculate the highest common factor of 135 and q.
15
Suppose -37 = -v + 3*s, s = 3*v - 2*s - 93. What is the greatest common divisor of 35 and v?
7
Suppose -4*p + 389 + 8 = 3*y, 0 = -2*p - 3*y + 197. What is the greatest common divisor of p and 20?
20
Let o(j) = -j**3 + 21*j**2 - 44*j - 18. Let h be o(18). Calculate the greatest common divisor of h and 9.
9
Suppose 2*t = -0*t - 6, 2*k - 3*t = 157. Calculate the greatest common factor of k and 185.
37
Suppose 5*m + n = 252 - 3, 0 = -5*m - 2*n + 253. Suppose 4 = 5*z + m. Let j = -2 - z. What is the greatest common divisor of j and 28?
7
Suppose -5*z + 140 + 330 = -5*j, -z + 2*j + 96 = 0. Let t = z - -34. Calculate the greatest common divisor of 18 and t.
18
Suppose 4*s - 4*y - 1648 = 0, 2064 = 5*s + 2*y - 5*y. What is the highest common factor of s and 46?
46
Suppose 0 = 4*r - 3*r - 2*t - 3, 6 = 2*r - 3*t. Let i be (-3)/9*r - -5. What is the highest common factor of 1 and i?
1
Let r be 21 + -2 - (-2 - -3). Calculate the highest common factor of r and 45.
9
Let g(d) = -6*d - 6. Let s(y) = y - 1. Let a(z) = -g(z) + 4*s(z). Let k be a(7). Let x be ((-54)/4)/((-12)/16). Calculate the highest common factor of x and k.
18
Suppose 2*i + 22 = 4*s, -4*s = 2*i - 5*i - 27. Suppose -s*v + 28 = 10. What is the highest common factor of 66 and v?
6
Suppose 5*b - 42 = -12. Let i = -3 + 6. Let r be ((-4)/i)/((-2)/6). Calculate the highest common factor of b and r.
2
Suppose 0 = -f + 5*f - 4, -4*f = -u + 9. Suppose 6*j + u = 3*o + j, -5*o + 3*j + 43 = 0. What is the greatest common divisor of 11 and o?
11
Let j(b) = 2*b**2 + 1. Let s be j(1). Suppose -r - s*r = 0. Let p = r - -5. What is the highest common factor of p and 35?
5
Suppose 3*k + 3*y = 2*k - 6, 3*y + 24 = 5*k. Suppose -k*z + 2*z = -180. Let a = -44 + 64. What is the greatest common divisor of a and z?
20
Let l be (-3)/27*-3*-6. Let m be 24/(12/(-32)*l). Calculate the greatest common divisor of 4 and m.
4
Let h be (-2864)/(-20) + (-1)/5. Let z be (-2)/(-2)*1*h. Suppose 0 = 3*x - 4*p - 317, 3*p = -2*x + 40 + z. Calculate the highest common divisor of 11 and x.
11
Let a(f) = 2*f**3 - 3*f**3 + 4*f**2 - 13*f**2 + 0 - 3*f + 6. Let l be a(-9). Calculate the highest common factor of 22 and l.
11
Let t be ((-39)/6*8)/(-1). Calculate the greatest common factor of t and 13.
13
Suppose -v + 31 = 6*h - h, 190 = 4*v - 2*h. Suppose 2*o - v = -4*a, -6*a - 4*o = -3*a - 42. Calculate the greatest common divisor of a and 5.
5
Let u = 1 - -8. What is the greatest common factor of u and 9?
9
Let d(n) = 3*n**2 - 5*n + 3. Let o be d(3). Let j be (115/o)/(2/6). What is the greatest common divisor of j and 253?
23
Let m = 0 - -7. Let n(p) = -p**2 + 7*p + 9. Let g be n(m). What is the highest common divisor of g and 99?
9
Let k(m) = m**2 - 8*m + 5. Let i(d) = d**2 - 9*d + 4. Let h(f) = -4*i(f) + 3*k(f). Let b be h(9). Calculate the greatest common factor of b and 13.
13
Suppose 2 = -q - m + 4*m, 4*m - 26 = -q. Let g(f) = f**2 - 3*f**2 + 4*f**2 - f - 1 + 0*f**2. Let h be g(7). Calculate the highest common divisor of h and q.
10
Let l(q) = 101*q + 1. Let r be l(1). Suppose 5*w + r = 372. What is the highest common divisor of w and 6?
6
Suppose 5 = -5*g + 2*x - 7, -5*g = -5*x. Let s = 14 - g. Calculate the highest common factor of 126 and s.
18
L